 prime?
False
Is 1241701 a prime number?
False
Is 973213 composite?
False
Is 11633 composite?
False
Is 3155 composite?
True
Is 1644177 a prime number?
False
Is 879227 a composite number?
False
Is 223589 a composite number?
False
Is 15679 a composite number?
False
Is 7741 a prime number?
True
Is 21767 prime?
True
Is 1693 prime?
True
Is 4385 composite?
True
Is 10369 a prime number?
True
Is 45499 a prime number?
False
Is 74615 a prime number?
False
Is 229099 a prime number?
False
Is 143123 a composite number?
True
Is 3407 a prime number?
True
Is 2455 prime?
False
Is 1419593 prime?
False
Is 1686443 a prime number?
False
Is 12227 prime?
True
Is 2007227 a composite number?
False
Is 2274901 a prime number?
True
Is 42947 a composite number?
True
Is 909217 a prime number?
True
Is 569087 a prime number?
False
Is 302873 a composite number?
False
Is 5684903 composite?
True
Is 153589 composite?
False
Is 517367 a prime number?
True
Is 115201 composite?
False
Is 508637 a prime number?
True
Is 6515 composite?
True
Is 409 a composite number?
False
Is 119117 a composite number?
True
Is 97267 prime?
False
Is 23533 prime?
False
Is 28651 a prime number?
False
Is 8781 a composite number?
True
Is 24997 prime?
False
Is 29363 a prime number?
True
Is 31085 prime?
False
Is 138931 a prime number?
False
Is 15185 a prime number?
False
Is 3037 composite?
False
Is 670841 prime?
False
Is 33703 a composite number?
False
Is 4529 a composite number?
True
Is 1903651 a composite number?
False
Is 25931 prime?
True
Is 12689 a composite number?
False
Is 202277 prime?
True
Is 827237 a composite number?
True
Is 62711 a composite number?
True
Is 259 a composite number?
True
Is 15727 a prime number?
True
Is 961313 a prime number?
True
Is 1461511 composite?
False
Is 10297 prime?
False
Is 20977 a composite number?
True
Is 13397 composite?
False
Is 52109 a prime number?
False
Is 65213 prime?
True
Is 2427 prime?
False
Is 942733 a composite number?
True
Is 359243 a prime number?
True
Is 1185589 a composite number?
False
Is 39673 prime?
False
Is 151817 a composite number?
False
Is 11389 composite?
True
Is 59603 prime?
False
Is 27997 composite?
False
Is 48149 a prime number?
False
Is 719 prime?
True
Is 3967 prime?
True
Is 743 composite?
False
Is 550841 prime?
True
Is 29117 a prime number?
False
Is 14969 composite?
False
Is 45389 composite?
False
Is 177343 composite?
True
Is 263681 a prime number?
False
Is 12197 prime?
True
Is 32401 a composite number?
False
Is 97987 a composite number?
False
Is 8033 composite?
True
Is 94719 a prime number?
False
Is 1080043 prime?
True
Is 58511 a composite number?
False
Is 26665 prime?
False
Is 596221 a composite number?
True
Is 1293 a composite number?
True
Is 61703 a composite number?
False
Is 6673 prime?
True
Is 521159 a composite number?
True
Is 295219 a composite number?
False
Is 9903 composite?
True
Is 3259 a prime number?
True
Is 8579 composite?
True
Is 129553 prime?
True
Is 16979 a prime number?
True
Is 10559 composite?
False
Is 18979 a prime number?
True
Is 6889 composite?
True
Is 2554 a composite number?
True
Is 2429 prime?
False
Is 67751 a composite number?
False
Is 28501 a composite number?
True
Is 9029 a composite number?
False
Is 29101 a prime number?
True
Is 27589 composite?
True
Is 59567 prime?
True
Is 47491 composite?
False
Is 6547 composite?
False
Is 1217 a prime number?
True
Is 152017 prime?
True
Is 3134 prime?
False
Is 51251 composite?
True
Is 259883 composite?
True
Is 15091 a prime number?
True
Is 756017 composite?
True
Is 56381 a prime number?
False
Is 90961 a prime number?
False
Is 18727 composite?
True
Is 7895 prime?
False
Is 2281 composite?
False
Is 11369 prime?
True
Is 350191 composite?
False
Is 25559 prime?
False
Is 756319 composite?
False
Is 92609 prime?
False
Is 401743 prime?
True
Is 3561 a prime number?
False
Is 113891 composite?
False
Is 554 a composite number?
True
Is 62758 prime?
False
Is 7241 composite?
True
Is 108233 a composite number?
False
Is 28349 composite?
False
Is 27043 prime?
True
Is 797273 a composite number?
False
Is 76957 a prime number?
False
Is 50419 prime?
False
Is 2114269 prime?
True
Is 17891 a prime number?
True
Is 81665 a composite number?
True
Is 12037 composite?
False
Is 3265 a composite number?
True
Is 141935 composite?
True
Is 1447521 composite?
True
Is 450973 prime?
False
Is 7867 composite?
False
Is 22141 composite?
True
Is 246538 prime?
False
Is 132467 prime?
False
Is 3118 composite?
True
Is 45583 a composite number?
True
Is 12713 a prime number?
True
Is 9967 prime?
True
Is 10537 composite?
True
Is 146191 prime?
True
Is 2913 a composite number?
True
Is 1044143 a prime number?
False
Is 59689 prime?
False
Is 1354 prime?
False
Is 887811 prime?
False
Is 1753 prime?
True
Is 179041 prime?
True
Is 5213 a prime number?
False
Is 41077 composite?
False
Is 38833 composite?
False
Is 282643 a prime number?
False
Is 632923 a composite number?
False
Is 70559 composite?
True
Is 650373 prime?
False
Is 479 prime?
True
Is 56577 a composite number?
True
Is 31669 a prime number?
False
Is 42433 a prime number?
True
Is 89753 a composite number?
False
Is 10369 a prime number?
True
Is 7057 prime?
True
Is 205271 composite?
True
Is 4583 prime?
True
Is 678793 composite?
True
Is 884579 a prime number?
True
Is 112666 composite?
True
Is 11141 prime?
False
Is 16429 a prime number?
False
Is 15877 prime?
True
Is 696665 composite?
True
Is 61519 a prime number?
True
Is 53299 composite?
False
Is 44557 a composite number?
True
Is 85867 prime?
False
Is 1041385 composite?
True
Is 2813 a composite number?
True
Is 679579 a prime number?
False
Is 31451 a composite number?
True
Is 1105747 composite?
True
Is 34169 a prime number?
False
Is 587 a composite number?
False
Is 551419 composite?
True
Is 10655 a prime number?
False
Is 314179 composite?
True
Is 7453 prime?
False
Is 456943 composite?
True
Is 1090187 a prime number?
False
Is 8501 a composite number?
False
Is 1199 prime?
False
Is 307609 a composite number?
False
Is 582203 prime?
True
Is 263597 a prime number?
True
Is 2633 composite?
False
Is 33869 prime?
False
Is 68711 prime?
True
Is 13129 prime?
False
Is 817973 prime?
False
Is 531121 composite?
False
Is 7903 a composite number?
True
Is 196723 composite?
True
Is 1153681 prime?
True
Is 404511 composite?
True
Is 19837 composite?
True
Is 2729621 prime?
False
Is 71237 prime?
True
Is 1543 prime?
True
Is 26449 a composite number?
False
Is 9277 composite?
False
Is 72859 a composite number?
False
Is 39194 prime?
False
Is 1829 a composite number?
True
Is 14051 composite?
False
Is 59231 a composite number?
True
Is 39947 a composite number?
True
Is 100235 a composite number?
True
Is 8333 a prime number?
False
Is 1490459 a composite number?
False
Is 61909 a composite number?
False
Is 166213 composite?
True
Is 1219 a composite number?
True
Is 37781 a composite number?
False
Is 80651 prime?
True
Is 451 a composite number?
True
Is 111487 composite?
False
Is 2139927 prime?
False
Is 133853 prime?
True
Is 45641 a prime number?
True
Is 15599 prime?
False
Is 6707 a prime number?
False
Is 910321 composite?
True
Is 7071 composite?
True
Is 51607 composite?
False
Is 9778 a prime number?
False
Is 69427 a composite number?
False
Is 39 a prime number?
False
Is 24749 prime?
True
Is 31343 composite?
True
Is 38765 a composite number?
True
Is 20287 composite?
False
Is 6847 prime?
False
Is 455239 a composite number?
True
Is 231779 prime?
True
Is 1477 a composite number?
True
Is 858721 a composite number?
True
Is 370439 composite?
False
Is 865477 a prime number?
True
Is 13093 a composite number?
False
Is 44041 a prime number?
True
Is 1191 composite?
True
Is 101807 composite?
False
Is 213143 a prime number?
False
Is 359603 a prime number?
False
Is 6189 a prime number?
False
Is 34991 a prime number?
False
Is 9913 composite?
True
Is 119 a prime number?
False
Is 28115 composite?
True
Is 8997 a composite number?
True
Is 10037 composite?
False
Is 50073 prime?
False
Is 1411 composite?
True
Is 881509 a composite number?
False
Is 38879 a composite number?
True
Is 559667 composite?
False
Is 99595 composite?
True
Is 517 a composite number?
True
Is 271851 a prime number?
False
Is 748921 composite?
False
Is 42641 prime?
True
Is 8773 composite?
True
Is 52259 prime?
True
Is 382939 a pri